) = 1. Let w(n) = -14*n + 3. Let o(z) = -k(z) - w(z). What is the remainder when 46 is divided by o(h)?
22
Suppose 24 = 4*s - 3*g - 0, -18 = -3*s - g. Let l be 33/7 + s/21. Suppose -5*k + 122 = l*a - 28, -4*k = -16. What is the remainder when a is divided by 7?
5
Suppose 104*k = 37*k + 3685. What is the remainder when 164 is divided by k?
54
Suppose 0 = -z, 6*c - 34 - 50 = -2*z. Suppose 72 = 4*a - 0*a. Let s = a + 22. What is the remainder when s is divided by c?
12
Suppose -5*a + 4*g = -45, 0 = 5*a + 4*g - 63 + 18. Suppose 0*h - 2*h = -2*u - 8, -2*u + h = 7. Calculate the remainder when (-43)/u + (-4)/(-6) is divided by a.
6
Let v = -17 - -24. Suppose 2*r = -v + 9. Let g(o) = 8*o. What is the remainder when g(r) is divided by 3?
2
Let u(z) = -36*z - 1. Let b be u(-1). Suppose b = 2*p - p. Calculate the remainder when p is divided by (-6 - (1 + (-2 - 1)))/((-51)/153).
11
Let v(c) = 3*c + 84. What is the remainder when v(-11) is divided by 4?
3
Let u(d) = -d**2 + 26*d + 40. Let j be (-60)/(-45) - 74/(-3). What is the remainder when u(j) is divided by 13?
1
Suppose 50 + 14 = d. What is the remainder when d is divided by 6?
4
Suppose -3*i = 5*m + 2*i - 150, 3*i = 5*m - 166. Calculate the remainder when 125 is divided by m.
29
Let t(f) = 11*f - 144. What is the remainder when 83 is divided by t(17)?
40
Let y = 76 - -16. Let g(q) = -q**3 + 39*q**2 - 76*q + 106. What is the remainder when y is divided by g(37)?
28
Suppose -10*m + 3 = -337. Let h(z) = -z**3 - 3*z**2 - 5*z - 3. Calculate the remainder when h(-6) is divided by m.
33
Let j = -11 + 142. Calculate the remainder when j is divided by 27.
23
Suppose 0 = 4*o - 6*o + 2. Suppose -47 = -9*c - 38. What is the remainder when o is divided by c?
0
Let o(i) = -8*i + 104. Calculate the remainder when o(7) is divided by 25.
23
Let h(g) = -58*g + 9. Calculate the remainder when h(-1) is divided by 14.
11
Let w = -770 - -799. Calculate the remainder when 82 is divided by w.
24
Let q(k) = 28*k - 62. Let i be 9 - (9 + -11)*(0 - 1). What is the remainder when q(i) is divided by 9?
8
Let g = 47 + -28. Let z(o) = -2*o - 9. Let y be z(-9). Calculate the remainder when g is divided by (-3)/y + (-44)/(-6).
5
Suppose 1 = -2*q + z, 3*q - 3*z + 25 = 8*q. Suppose -14 = -2*w - d, q*d + 17 = -0*w + w. What is the remainder when 17 is divided by w?
8
Let c(t) = 50*t + 247. Calculate the remainder when c(-3) is divided by 36.
25
Let r = -9 + 11. Suppose -x - r*x + 6 = 0. Suppose x*b = -2*b + 92. What is the remainder when b is divided by 6?
5
Let s(p) = p**2 - 4*p + 7. What is the remainder when s(9) is divided by 11?
8
Let j(u) = u**3 - u**2 + 2*u - 1. Let v(n) = n**3 + 8*n**2 + 1. Let c be v(-8). Let x be 8/(-2) - (c - 7). What is the remainder when 18 is divided by j(x)?
4
Suppose -8*f + 20 = -4*f. Suppose -2*u - 5*m + 75 = 3*u, 2*m = f*u - 82. Calculate the remainder when u is divided by 6.
4
Let y(k) = k**3 - 5*k**2 - 5*k - 1. Let f be y(6). Suppose 3*c - 3*j - j - 54 = 0, -c - f*j = -37. Calculate the remainder when c is divided by 5.
2
Let w = 37 + -19. What is the remainder when (-2)/(-5 + (-264)/(-53)) is divided by w?
16
Let g be ((35/7)/5)/(2/124). Suppose -5*w = -j - g, -4*w - 4*j + 42 = -j. What is the remainder when w is divided by 5?
2
Let l be (9/(-6))/(1/10). Let a = -7 + 10. Calculate the remainder when (-18)/l*50/a is divided by 7.
6
Let l = 3 - -7. What is the remainder when -45 + 77 + (-3)/(-1 - 0) is divided by l?
5
What is the remainder when -2 - (-30)/(0 + 6) - -166 is divided by 25?
19
Let x(k) = k**2 - 5*k - 20. What is the remainder when 62 is divided by x(8)?
2
Let y = -21 - -52. Suppose v - 5*h = 5*v - y, -2*h - 24 = -v. Calculate the remainder when 41 is divided by v.
13
Suppose 7*d - 192 = 3*d. Let i = d + -41. Calculate the remainder when 20 is divided by i.
6
Let w = 232 + -204. Calculate the remainder when 50 is divided by w.
22
Let g(x) be the third derivative of x**6/120 + x**5/5 + 5*x**4/24 - 3*x**3 - 34*x**2. Calculate the remainder when g(-11) is divided by 18.
12
Let g = 370 + -310. What is the remainder when 138 is divided by g?
18
Suppose 0 = -4*z + 2*z - 20. Let o = -13 - z. Calculate the remainder when 30 is divided by 4/o*(5 + -11).
6
Let w be (-1496)/(-40) - 3/(-5). Suppose 0 = 5*y - 42 - w. What is the remainder when y is divided by 6?
4
Let f(z) = 10*z - 10. Let g = 5 + -2. Let h be f(g). Calculate the remainder when 65 is divided by 15/(-6)*(-136)/h.
14
Suppose -40 = -5*b + 4*w, 3*b - 3*w = -0*b + 27. What is the remainder when b is divided by 5/(0 - 5)*(-1 + -2)?
1
Let v = 16 + 6. Calculate the remainder when 169 is divided by v.
15
Let t be (-1)/((-1)/4) - 0. Suppose -t*z + 112 = -0*z. What is the remainder when z is divided by 10?
8
Let x(t) = -6*t - 2*t**2 + 4*t**2 - 5*t**2 + 4*t**2. Let k be x(6). Let m = 10 - k. What is the remainder when 29 is divided by m?
9
Let l(b) = -b**2 + 14*b - 2. Let d be l(12). Suppose -2*a + d + 34 = 0. What is the remainder when 107 is divided by a?
23
Let s be 2 + 2*4/(-8). Suppose 2*z = s + 51. Suppose c - 5 = 0, -5*y + y - 5*c + 221 = 0. What is the remainder when y is divided by z?
23
Calculate the remainder when 6/(-24)*-908 + 4 is divided by 39.
36
Let w = -77 - -53. Let b = -6 - -8. Calculate the remainder when w/(-3) + 6/b is divided by 3.
2
Suppose -3*w + 257 + 88 = 0. Let k = -43 - -60. What is the remainder when w is divided by k?
13
Suppose 3*n - 28 = 5. Let b(c) = c**3 + 3*c**2 - 18*c + 16. Calculate the remainder when b(-6) is divided by n.
5
Suppose 4*i + 20*i - 6528 = 0. Calculate the remainder when i is divided by 21.
20
Suppose 5*g - 4*t - 239 = 0, 5*g = -2*t - t + 232. What is the remainder when g is divided by 4?
3
What is the remainder when 187 - -2 - 2/6*-6 is divided by 28?
23
Let h(v) = 11*v. Suppose -10*d = 2*d - 780. What is the remainder when d is divided by h(2)?
21
Suppose 0 = -21*x - 58 + 415. Calculate the remainder when 46 is divided by x.
12
Let u = -37 - -41. Suppose l + u*s - 13 = 2*s, 4*s = l - 7. What is the remainder when 52 is divided by l?
8
Let v be ((-120)/(-100))/((-2)/(-10)). Suppose -q = -0*q - v. Calculate the remainder when 16 is divided by q.
4
Let m = 19 - 20. Let l be -283 - (2 + -7 - m). Let p = -179 - l. Calculate the remainder when p is divided by 26.
22
Let n be (-52)/2*(4 + -10 + 3). Suppose 0*p + n = 3*p + 3*r, -p + 5*r + 14 = 0. What is the remainder when 95 is divided by p?
23
Suppose 6*b + 0*b = 264. Let p(f) = 6*f + 11. Let i be p(9). Suppose 2*m + 3*m - 5*v = 95, -i = -5*m - 5*v. Calculate the remainder when b is divided by m.
12
Let r = -3 + 88. Suppose v - 2*v = -r. Calculate the remainder when v is divided by 11.
8
Let v = 292 - 286. Calculate the remainder when 8 is divided by v.
2
Suppose -3*o - 68 = 10. Calculate the remainder when 178 is divided by (-262)/(-13) - (-4)/o.
18
Suppose -2*x + 176 = -4*l, -2*l - 440 = -5*x - 4*l. What is the remainder when x is divided by 18?
16
Suppose 45 + 36 = 3*t. Let n(q) = -q**3 - 4*q**2 - 2*q - 2. Calculate the remainder when t is divided by n(-4).
3
Let k be 1 + -3 + (-8 - -13). Suppose -5*b + 2*b - 237 = -k*o, -3*o - 4*b + 251 = 0. What is the remainder when o is divided by 2/(-10) + 1272/60?
18
Let c be -2*(-2 - 1218/4). Suppose 3*i = 2*s - 248, -5*s + c = -0*i - 4*i. What is the remainder when 3/(15/20) + s is divided by 32?
29
Let u(l) = -3*l**3 - 26*l**2 - 17*l + 5. Let m be 70 + (-3 - (0 + -1)). Let t = -18 + m. Calculate the remainder when t is divided by u(-8).
11
Suppose v - 1258 = -2*o, -5*o - 3*v = -3 - 3144. Calculate the remainder when o is divided by 6.
3
Let a(n) = -2*n + 4. Let i be a(4). Let d(s) = -5*s + 2. Let k(z) = -5*z + 3. Let f(v) = -6*d(v) + 7*k(v). Calculate the remainder when f(i) is divided by 15.
14
Let c = -1161 - -1199. What is the remainder when 236 is divided by c?
8
Suppose -1684 + 426 = -17*x. What is the remainder when 218 is divided by x?
70
Let d = -1052 - -1059. What is the remainder when d is divided by (-1)/2*(-16)/2?
3
Suppose 0 = -2*n - 2*n - 4. Let u = -11 + n. What is the remainder when (-148)/(-10)*(-30)/u is divided by 10?
7
Let j be 1 + 5 - (-4)/2. Let b = j - 5. Calculate the remainder when b is divided by 6*((-2)/3 + 1)/1.
1
Let h = -47 - -43. Calculate the remainder when 17 is di